rmine x(6).
-14
Let f be 3744/1008 - 9/(-7). Let b(o) = 14*o - 64. What is b(f)?
6
Suppose -138*r - 2*o = -135*r - 17, -r + 5*o - 17 = 0. Let v(u) = -16*u + 4. Determine v(r).
-44
Let o(w) = 2*w**2 - 16*w - 15. Let r be o(13). Suppose -119*s + r*s = 52. Let c(p) = -p**3 - 12*p**2 + 11*p - 15. Calculate c(s).
11
Let f(w) be the first derivative of w**3/3 - 9*w**2 + 746. Calculate f(18).
0
Let s(l) = -4*l**2 - 2*l + 27. Let w(z) = -2*z**2 - z + 13. Let b(t) = 3*s(t) - 7*w(t). Let y(p) be the first derivative of b(p). Give y(-6).
-23
Let h(c) = -239 + c + 445 - 3*c - 228. Determine h(-5).
-12
Let g(o) = -o**2. Let c be 184/6 - (-22)/(-33). Let j be c/(-5) + (-2 - -4) + 4. Determine g(j).
0
Suppose 2*y + 12 = 4*i - 0*y, 3*y - 12 = 0. Let p = 61 - 57. Let r(u) = -5*u**2 - p*u + 6*u - i + 6. Give r(2).
-15
Let f(t) be the third derivative of -1/360*t**6 - 21*t**2 + 0*t - 1/6*t**4 - 1/60*t**5 + 0*t**3 + 0. Let v(a) be the second derivative of f(a). Calculate v(-5).
8
Let f = 728 - 731. Let w(x) = x**3 + 6*x**2 + x - 4. Determine w(f).
20
Let i(v) = -v**3 + 7*v**2 - 4*v + 2. Let x(y) = 7*y - 4. Let p be x(5). Suppose 7*k = -p + 10. Let d(r) = r**2 + 2*r + 3. Let m be d(k). Determine i(m).
14
Suppose -235*j = -225*j - 30. Let r(k) = 0*k + 12 - 2*k + 11 + j*k - 27. What is r(-2)?
-6
Suppose 72 = -13*i - 14*i + 9*i. Let d(w) = -w**2 - 2*w + 6. Calculate d(i).
-2
Let x(g) = -3*g + 3. Let y be x(3). Let v = -2 - y. Let s(h) = 0*h**2 + 16 + 91 - h**3 - 111 - 6*h**2 + 9*h**2 + 5*h. Determine s(v).
0
Let a be 19/10 + (-19)/(-190). Let w(k) = -3*k - 1. Let m(d) = -4*d - 2. Let j(g) = a*m(g) - 3*w(g). Give j(-1).
-2
Let p(z) = -33*z + 5. Let d(c) = -86*c + 12. Let n(o) = 5*d(o) - 13*p(o). What is n(5)?
-10
Suppose 5*r - 5*b = -0*r - 80, 2*r = 4*b - 36. Let m be 12/(-1)*((-91)/r + -6). Let u(z) = -z**2 - 5*z - 7. What is u(m)?
-13
Let z(v) = 5*v + 53. Let o = -12893 + 12887. Give z(o).
23
Let s(k) be the third derivative of -k**4/3 - 10*k**3/3 + 184*k**2. Let j(o) = -4*o - 9. Let b(m) = 9*j(m) - 4*s(m). Determine b(1).
-5
Let z be 8/12 - (-27)/(405/(-250)). Let o(g) = -g**2 - 13*g + 51. Determine o(z).
3
Let w(c) = 29*c**2 - 107*c - 34. Let n be w(4). Let r(f) = 2 - 11*f**2 - 2*f + 4*f**2 + 4*f**2 + 0. Calculate r(n).
-14
Let c = 13 - 16. Let m(g) = g**2 - 9*g - 32. Let k be m(c). Let b(p) = p**3 - 4*p**2 + p + 1. Give b(k).
5
Let b(s) be the first derivative of s**4/4 - s**3 - 5*s**2 - 5*s - 225. Let o be -2 + 4 + 6 + -3. What is b(o)?
-5
Let j(i) be the second derivative of -258*i - 1/20*i**5 - 1/12*i**4 + 1/2*i**2 + 0*i**3 + 0. Calculate j(1).
-1
Suppose -26 = -4*w + 2*p, 0 = -4*w - 2*p + 6*p + 36. Let f(d) = -16*d - 4 + 8*d + w*d + 7*d - 2. Give f(4).
6
Let v(i) = -7*i**3 + 13*i**2 + 5*i - 70. Let m(h) = -3*h**3 + 5*h**2 + 2*h - 36. Let g(t) = 5*m(t) - 2*v(t). Calculate g(0).
-40
Let z(a) = -a - 14. Let c = -2404 - -2389. Give z(c).
1
Let z(l) = 7 - 8*l + 11*l - 4*l - 3*l + 3*l. Suppose 5*i + 60 = 10*i. Suppose i + 8 = -4*n. Calculate z(n).
12
Suppose 4*u = 3*t + 12, 4*t - 4*u + 12 = -t. Suppose -18 = -4*n + 2*n + 4*s, t = -2*n - 3*s - 17. Let c(h) = -7*h**3 - h**2 - h - 1. Calculate c(n).
6
Let p(x) be the first derivative of -13*x**3/3 - x**2/2 - x + 3. Let j be 30/(-12) - (-12)/8. Calculate p(j).
-13
Let k(q) be the second derivative of -11*q**4/12 - q**3/6 - q**2 + 171*q. Let z be k(-1). Let w(h) = -3*h - 30. Calculate w(z).
6
Suppose 1 = -2*l + 5*k, 3*l + 7 = 5*k + 8. Let y(f) = -44*f + 78. What is y(l)?
-10
Suppose 239*l - 160 = -4*a + 235*l, 5*a - 158 = l. Let f(o) = -o + 45. Give f(a).
12
Suppose 0 = 5*p + 4*g + g + 10, -5 = -g. Let s(h) = -2 + 18 - 10 - h - 11 - 1. What is s(p)?
1
Let k(n) = -n + 9. Let w(u) = 49*u + 1636. Let m be w(-33). Determine k(m).
-10
Let x(r) be the second derivative of -5*r - 5/12*r**4 - 1/20*r**5 - 8 + 1/6*r**3 - 2*r**2. Calculate x(-4).
-24
Let a(u) be the first derivative of -23 + 0*u**2 + 1/60*u**5 + 0*u + 1/8*u**4 + 16/3*u**3. Let r(n) be the third derivative of a(n). Give r(-4).
-5
Let r(d) = 2 + 4*d + d - 10 + 9 + d**3 + 3 + 3*d**2. Calculate r(-2).
-2
Let m(n) = 9*n**2 + 87*n - 1. Suppose 0 = -5*f - 45, -1035*f + 1033*f = h + 28. Give m(h).
29
Let m(v) = -v**3 - 27*v**2 - 6*v + 15. Let a be m(-27). Let j = -137 + a. Let n = 35 - j. Let p(b) = b + 5. Calculate p(n).
0
Let w(o) = -4*o - 58 + 5*o + 5*o - 74 + 175. Determine w(-6).
7
Let x(k) = -k**2 - 6*k - 6. Let w(z) = 1 - 9 - 6 - 4*z + 2*z. Let i be w(-9). Let v(q) = -4*q + 11. Let m be v(i). Calculate x(m).
-1
Let w(k) = 4*k**3 + 6*k**2 + 9*k + 16. Let i(g) = 21*g**3 + 29*g**2 + 47*g + 85. Let q(j) = -3*i(j) + 16*w(j). Give q(-3).
46
Let r(n) be the second derivative of 3*n**3/2 - 7*n**2 - 2903*n. Give r(9).
67
Let s(j) = -271*j**2 + 19*j - 14. Let g(a) = 45*a**2 + a. Let o(d) = 6*g(d) + s(d). What is o(25)?
-14
Let j = -36522 + 36515. Let d(p) = -p**2 + 3*p + 3 - 4*p - 4*p. Calculate d(j).
-11
Suppose -y + 26 = 23. Let z(g) = -2*g + 2. Let l(c) = c**2 + 5*c - 10. Let s be l(-6). Let t(i) = -4*i + 4. Let b(w) = s*t(w) + 10*z(w). Determine b(y).
-8
Suppose 20 = -f + 5*f. Suppose f*q = 21 - 1. Let z(s) = 28*s - 1. Let j(m) = 10*m. Let t(v) = -11*j(v) + 4*z(v). Determine t(q).
4
Let o = 190 - 50. Suppose 35*r = 21*r + o. Let y(i) = i**2 - 12*i + 4. Determine y(r).
-16
Suppose 0 = -34*y - 167 - 8 - 29. Let b(i) = -4*i - 43. What is b(y)?
-19
Let k(x) = x**3 + 3*x**2 - 3*x + 12. Let c = 3558 - 3563. Determine k(c).
-23
Let x = -46 + 52. Let q(m) = 5*m**2 + m**3 + 0*m**3 - m + 14*m**2 + 0*m**3 - 25*m**2. Calculate q(x).
-6
Let d(f) = f**3 - 14*f**2 - 35*f + 47. Suppose -3*n + 5*x + 10 + 23 = 0, -3*x - 71 = -5*n. Let s be d(n). Let g(o) = -6*o**3 + 2*o + 1. Give g(s).
5
Let d(a) = 4*a - 3. Let g(i) = 2*i**3 + 17*i**2 + 15*i - 9. Let h be g(-7). Let m be 2/1*h/(-22). Calculate d(m).
-15
Suppose 350*y - 141 = 303*y. Let j(q) be the first derivative of -4*q + 17 + 3*q**2 - 1/3*q**y. Give j(4).
4
Suppose 8*g - 6*g = 20. Let q be (-14)/g + (-322)/70. Let h(m) = 4*m + 10. Let p(a) = a - 1. Let k(u) = h(u) - 3*p(u). Calculate k(q).
7
Let z(s) = s - 2. Let q be 78/195 + 32/(-5). Let t be (-60)/9 + q/(-9). Give z(t).
-8
Let p = 10/237 + 197/948. Let z(w) be the first derivative of 3*w**2 + 4*w + 5 - 8/3*w**3 + p*w**4. Give z(7).
-3
Let x(y) = -43*y**3 + 26*y**2 + 33*y + 41. Let f(b) = 9*b**3 - 5*b**2 - 7*b - 8. Let n(d) = -19*f(d) - 4*x(d). Determine n(9).
-3
Let x(s) = s**2 + 8*s - 9. Let d be ((-5738)/152)/((-1)/4). Let j = -160 + d. What is x(j)?
0
Let h(y) = -y**3 + 2*y**2 + 12*y - 22. Let w be h(4). Let m(d) = -3*d**2 - 10*d + 24. Calculate m(w).
-24
Let t(i) = -i**3 - i + 9. Let s = -95 + 96. Let z(d) = -d**3 + 2*d**2 - 6*d + 5. Let k be z(s). Calculate t(k).
9
Let n(x) be the second derivative of x**6/30 - x**5/60 - x**4/24 - 27*x**2/2 + 29*x. Let a(s) be the first derivative of n(s). Give a(-1).
-4
Let u(f) = -2*f**3 + 2*f**2 + 3*f - 3. Suppose -p = 4*s - 112, -4*s + 6*p = 2*p - 112. Let m be 3/3 - 1479/(-51). Let j = m - s. What is u(j)?
-5
Let s(b) = -2*b**2 + 24*b + 45. Let c(d) = d**2 - d - 7. Let v(l) = 3*c(l) + s(l). What is v(-19)?
-14
Let o = 37 - 31. Let t(i) be the third derivative of 1/2*i**3 - 5/24*i**4 - 36*i**2 + 0 + 0*i - 1/12*i**5 + 1/120*i**6. What is t(o)?
9
Let j(i) = 98*i + 8*i**2 + 95*i - 203*i - i**3 - 26. What is j(5)?
-1
Let n(w) = 2*w + 4. Let v be ((-4)/(-6))/(28/126). Suppose -i - g - 3 = 0, -5*i + i + g = -v. Give n(i).
4
Let g(h) be the first derivative of -h**3/3 - h**2 - 6*h + 1. Let c be ((-629)/(-37) - 40) + 19. Determine g(c).
-14
Suppose -4*i + 5*f + 12 = 4*f, -5*f = -i + 3. Let v(z) = -3*z + 2*z + 4*z - 4*z + 5. What is v(i)?
2
Let b = 3752 - 3738. Let j(q) = q**2 - 13*q + 9. Determine j(b).
23
Let h = 15452 - 15434. Let u(y) = y**3 - 19*y**2 + 17*y - 1. Give u(h).
-19
Let w be 5/(45/4) + 104*21/3024. Let c(u) be the second derivative of 3/2*u**2 + w*u**3 - 7*u + 0. Calculate c(-3).
-18
Let r(b) = 332 - 631 - 8*b + 290. Give r(-11).
79
Let t be 2/4 + (-7)/(-2). Let k be ((-8544)/84)/(-4) + (-4)/(-7). Let o(x) = k*x - 15*x + 1 - 10*x. Determine o(t).
5
Let t(z) = -4*z**2 + z - 9. Let j(s) = -13*s**2 + s - 31. Let u(d) = -5*j(d) + 16*t(d). What is u(-12)?
23
Let b(o) = 2*o**2 + 14*o + 22. Let p(y) = -9*y - 257. Let q be p(-28). Let i